visor of s and 1860?
62
Let v be 527/3 + 1/3. Let r = -415 + 415. Suppose r = -30*s + 44*s - 224. What is the greatest common divisor of s and v?
16
Suppose -2*m + 100 = -0*i - 2*i, 120 = 3*m + 3*i. Suppose -9 = 5*n + 6. Let g = 12 + n. Calculate the highest common divisor of g and m.
9
Let n = -2716 + 3108. Let t(x) = x**3 - 5*x**2 + 6*x. Let u be t(4). Calculate the greatest common divisor of n and u.
8
Let y = -17626 - -17876. Calculate the highest common divisor of y and 2650.
50
Suppose 14*k + 2*k = -10*k + 310752. Calculate the highest common divisor of 72 and k.
72
Let g(b) = b**2 + b + 2. Let l be g(-2). Let f = -73 - -76. Let h be f*10*l/12. What is the highest common divisor of 50 and h?
10
Suppose -5*v - 636 = o, -3*v - 1798 = 4*o + 746. Let i be (3 - o/60)/((-1)/(-5)). Calculate the greatest common divisor of i and 17.
17
Suppose -44*j = -13371 - 2073. What is the greatest common divisor of j and 26?
13
Suppose 33*c - 7728 = 58*c - 41*c. What is the highest common divisor of c and 18?
3
Suppose 0 = r + 5*i - 1660, -3*r - 5*i = -4795 - 145. Calculate the highest common divisor of r and 120.
40
Suppose 830*f - 2195 = 825*f. Suppose 5*a - 113 - 2032 = 5*p, -f = -a + 3*p. What is the highest common divisor of 8 and a?
8
Let x = 224 - 206. Suppose 0 = -2*f + 5 + 3, -3*f + x = 2*h. Suppose v + 2*v + 2*n - 14 = 0, 0 = -2*v - 4*n + 4. Calculate the highest common factor of h and v.
3
Let s = -7 - -280. Let z(x) = -x**2 - 9*x + 1. Let p be z(-5). Calculate the greatest common divisor of s and p.
21
Let m = 35 - 33. Suppose -2*c = -m*c + 4*c. Let d(u) = 2*u + 11. Let k be d(c). What is the greatest common factor of 143 and k?
11
Let o(g) = 10 + 0*g**2 - 7*g - 1 + 8 + g**2. Let s be o(7). Suppose -a = -2*a + s. What is the greatest common divisor of 102 and a?
17
Let d be 250 + (-1 - -2) - 8. Suppose -162 = -25*r + 22*r. Calculate the greatest common factor of r and d.
27
Let s(g) = 6*g**2 + 14*g - 1982. Let q be s(-35). Calculate the highest common factor of q and 18.
18
Let u = -237 + 260. Suppose -3*k + 246 = -5*v + u, -3*k - 2*v = -188. Let m = 92 - 48. Calculate the greatest common divisor of k and m.
22
Let z = -49 + 143. Let t = z + -43. Suppose 8*k = t + 45. What is the greatest common divisor of k and 8?
4
Suppose 3*f - 277 = 128. Let u be (-2 - (-8 - 57/(-9)))*(-243 + 0). Calculate the greatest common divisor of f and u.
27
Let x(b) = 20*b + 263. Let g be x(-7). Let h be 2671/9 + (-8)/(-36). Suppose 5*f + 92 = h. What is the highest common divisor of f and g?
41
Let h = -1311 + 3066. What is the greatest common divisor of 65 and h?
65
Let u(o) = -19*o**3 - 3*o**2 - 4*o - 2. Suppose -44 = 12*t - 32. Let d be u(t). Calculate the highest common divisor of d and 117.
9
Let y = -99 - -102. Suppose 2*p + y*s + s = -14, 35 = 5*p - 4*s. Suppose -b = -2*j + 54, b + p*b - 70 = -3*j. What is the highest common divisor of j and 78?
26
Let u = -9048 + 9064. Let r = 1057 - 593. What is the greatest common factor of u and r?
16
Suppose 0 = j + 32*w - 31*w - 919, -2*w - 2737 = -3*j. What is the greatest common factor of j and 60?
15
Suppose 29*k - 14*k - 90 = 0. Let l be 19 + -3 - (k + -7 - 0). What is the highest common divisor of 221 and l?
17
Suppose -16 = 7*z - 8*z. Suppose -3*j - 224 = 88. Let u = -72 - j. What is the greatest common factor of z and u?
16
Suppose -5*b - 18 = 2*z, 0 = -15*z + 13*z + 2*b + 24. Let u be (8/10)/(2/60). What is the greatest common divisor of u and z?
6
Let c(d) = -43*d - 867. Let y be c(-21). What is the highest common divisor of 366 and y?
6
Let t(u) = -4*u + 8. Let b be t(5). Let o = b - -22. Let s(f) = 11*f - 20. Let a be s(o). What is the highest common divisor of a and 36?
18
Let q be (-1)/(-1*2/10) + -1. Suppose -l + q*h = -14, -h - 4 + 3 = 0. What is the highest common factor of 3 and l?
1
Let m(c) = 65*c - 1221. Let n be m(34). Calculate the highest common factor of n and 387.
43
Let i be 8/(-1 - -5) - 3/(-1). Suppose -430 = -i*w + 2*u, -2*u + 5*u - 191 = -2*w. Let f be (-2)/(4 + 4)*-44. Calculate the greatest common factor of f and w.
11
Suppose -90 = -5*h - 4*p, 0 = -2*h + 27*p - 32*p + 36. Let m(l) = 0 - 6*l + 10*l + 3 + 4*l**2. Let j be m(-3). Calculate the highest common factor of j and h.
9
Let l(z) = -3*z - 92. Let r be l(-29). Let h(g) = g**3 + 8*g**2 + g - 10. Let f be h(r). What is the greatest common divisor of f and 15?
15
Let i(x) = -x**2 - 12*x + 60. Let y be i(3). Calculate the greatest common divisor of y and 9015.
15
Let k be -12*(-5)/240 + 1*(-558)/(-8). Calculate the greatest common divisor of 1715 and k.
35
Let s be ((-3)/126*-14)/(2/36). What is the highest common divisor of 1238 and s?
2
Let y(c) = -2*c + 6. Let g be y(5). Let u be g/24*2*-369. Calculate the highest common divisor of 82 and u.
41
Let y = 13 + -2. Let o = 207 - y. Suppose 158*j - 167*j = -174 - 78. Calculate the highest common factor of j and o.
28
Let r(u) = -u**2 - 13*u + 14. Let k be r(-12). Suppose k*h - 2460 = 21*h. Suppose 150 = -9*i + h. Calculate the highest common divisor of 95 and i.
19
Let w be -5 + 0 + 6 + 1. Suppose w*n = -2*f + 30, 4*f - 60 = -4*n + 6*f. Calculate the highest common divisor of n and 240.
15
Let b = 1527 + -1513. Calculate the greatest common factor of 6559 and b.
7
Let x(o) = 10*o - 14. Let t = 331 - 329. Let l be x(t). Let z(v) = v**3 + 8*v**2 + 8*v + 9. Let u be z(-7). Calculate the highest common divisor of u and l.
2
Let m(r) = 20*r**2 + 778*r + 138. Let f be m(-39). Suppose -i - 4*g = -0*g + 4, g = -i + 11. What is the greatest common factor of f and i?
8
Suppose 2*z = t - 390, 3*z - 376 - 740 = -3*t. What is the highest common factor of t and 216?
54
Suppose -17 = -v + 15. Let g = 7073 - 577. Let f be g/29 + 1 + -1. What is the highest common factor of f and v?
32
Let h(s) = -s**3 + 14*s**2 - 3*s - 60. Let w be h(13). Calculate the greatest common divisor of w and 230.
10
Suppose 5*u = z + 3913, 1502 = 2*u - z - 62. Calculate the greatest common factor of 162 and u.
27
Let l = 49 - 49. Suppose -16*w + w + 420 = l. Calculate the highest common divisor of 35 and w.
7
Let v(l) = l**3 + 3*l**2 - 8*l - 7. Let t be v(-5). Let s be -2 - (7 - 0)*t. Suppose f = -124 + 137. What is the highest common divisor of s and f?
13
Let b(d) = 28*d**3 - 15*d**2 + 30*d + 31. Let j be b(4). What is the highest common factor of j and 65?
13
Suppose -10 = l - 3*l. Suppose -3*r = -l*r + 4. Suppose d = -w + 30, 0 = -3*d + 6*d - r*w - 100. What is the highest common divisor of d and 80?
16
Suppose -5*t = -5*a + 880, 114 = a + 5*t - 50. Calculate the highest common factor of 1218 and a.
174
Suppose 0 = 10*q + 877 - 17817. Suppose q = 4*u - 2*o, -2*o = -2*u - 3*u + 2118. Calculate the greatest common divisor of u and 53.
53
Let q = -3793 + 4378. What is the highest common factor of q and 405?
45
Let t be (-695)/(-10)*86 - (3 + -10 + 1). What is the greatest common divisor of 62 and t?
31
Let f = -3276 - -3274. Suppose 0 = 3*c + 21. Let h be -2 + 20 + 0/(c - f). Calculate the greatest common factor of 72 and h.
18
Let t(p) = -5*p + 21. Let x be t(1). Suppose -15*a = -5*k - x*a + 93, 12 = 4*a. What is the highest common factor of k and 162?
18
Let z be 2 + ((-152895)/(-35) - (-32)/56). Calculate the highest common factor of z and 93.
93
Let u be 498828/66 + (2 - -9). Calculate the highest common divisor of u and 9.
9
Suppose -46*l + 22*l = 72. Let m be l/6 - (-2 + (-1236)/8). What is the greatest common factor of m and 39?
39
Let d = -374 + 378. Suppose r - 38 = 3*w, w + 34 = d*r - 63. Calculate the greatest common divisor of 138 and r.
23
Let a = 5 + -3. Suppose -70*r - 99*r - 131 + 469 = 0. Suppose -181 = -a*f + 3*k, -r*f - 2*k + 2 + 184 = 0. Calculate the greatest common factor of 23 and f.
23
Let k(b) = -b**3 - 4*b**2 - 16*b + 43. Let q be k(7). Let w = q - -616. Calculate the highest common divisor of w and 28.
4
Let h = -1612 + 1622. Calculate the greatest common divisor of 55 and h.
5
Let r(y) = -y**3 + 9*y**2 + 2*y + 4. Let l be r(8). Let i = -69108 + 69206. Calculate the greatest common divisor of l and i.
14
Let s(c) = -3*c**2 + 39*c + 6. Let k be s(12). What is the greatest common factor of k and 3066?
42
Let t(k) = 344*k**2 - 33*k + 8. Let f be t(1). What is the highest common divisor of f and 44?